 9) in base 2?
-1000111101101
What is 10011111 (base 2) in base 5?
1114
14be9 (base 16) to base 10
84969
Convert 10186 (base 9) to base 12.
3a80
What is 1cc01 (base 14) in base 4?
101333201
Convert 866 (base 12) to base 10.
1230
Convert 111010220 (base 3) to base 15.
2c8c
What is -1140 (base 5) in base 9?
-208
What is 2556 (base 9) in base 12?
1136
-101012 (base 3) to base 8
-423
What is 1716 (base 9) in base 4?
110133
600 (base 14) to base 6
5240
-e3c3 (base 16) to base 15
-12422
-214133 (base 6) to base 8
-42551
-702 (base 13) to base 8
-2241
111202120 (base 3) to base 15
2e8c
-26082 (base 10) to base 12
-13116
-1081 (base 9) to base 13
-499
222130 (base 4) to base 3
10201121
17e4 (base 15) to base 12
2ba4
What is -341b (base 12) in base 11?
-4388
What is 563 (base 12) in base 7?
2214
What is -11001101000111 (base 2) in base 8?
-31507
Convert 4414 (base 5) to base 16.
261
2066 (base 9) to base 14
7a6
-42536 (base 7) to base 4
-2211002
Convert 211100 (base 3) to base 5.
4403
-1007 (base 9) to base 12
-514
Convert -1571a (base 11) to base 9.
-33356
580 (base 9) to base 5
3402
Convert 3964 (base 10) to base 5.
111324
What is -c94 (base 13) in base 5?
-32044
Convert -34410 (base 9) to base 2.
-101100110010100
What is -305 (base 10) in base 11?
-258
-2e6b (base 16) to base 7
-46434
172c7 (base 14) to base 2
1110001101001111
What is -5621 (base 7) in base 4?
-133220
-10b23 (base 14) to base 5
-2244403
What is -532 (base 11) in base 5?
-10030
Convert -1b92 (base 14) to base 8.
-11644
What is 2398 (base 11) in base 14?
11da
Convert -2032 (base 11) to base 2.
-101010001001
What is -649 (base 13) in base 3?
-1110211
Convert 10202111 (base 3) to base 16.
ab4
What is 401 (base 5) in base 4?
1211
2ee (base 15) to base 2
1010100010
Convert 1010101111 (base 2) to base 10.
687
What is 3c1 (base 16) in base 8?
1701
Convert 1b51b (base 13) to base 8.
150535
-a66 (base 11) to base 10
-1282
Convert 5841 (base 15) to base 6.
222424
d8e (base 16) to base 13
176c
What is -303202 (base 4) in base 15?
-e9d
Convert -12951 (base 10) to base 6.
-135543
What is 1a5b (base 12) in base 14?
1275
What is 311 (base 16) in base 4?
30101
1012221 (base 3) to base 9
1187
Convert 1923 (base 14) to base 5.
121124
What is -10731 (base 9) in base 4?
-1233310
Convert -11200022 (base 3) to base 7.
-12641
76fb (base 16) to base 15
9059
What is -13b7 (base 16) in base 11?
-3879
What is -399 (base 11) in base 8?
-727
1179 (base 10) to base 8
2233
-110000100111100 (base 2) to base 15
-7597
Convert -4023 (base 9) to base 8.
-5571
Convert 10000100111111110 (base 2) to base 8.
204776
What is 7aa9 (base 11) in base 13?
4acc
What is -cc50 (base 13) in base 11?
-1a420
-22034 (base 7) to base 10
-5513
Convert -ab0 (base 14) to base 13.
-c68
Convert -100101220 (base 3) to base 16.
-1ac7
Convert -517 (base 14) to base 4.
-33221
What is 32a1 (base 11) in base 7?
15446
What is b8ba (base 12) in base 11?
14287
What is -344 (base 9) in base 2?
-100011011
Convert 29c (base 15) to base 11.
4a3
Convert -320 (base 7) to base 16.
-a1
What is -10252 (base 7) in base 14?
-cd2
110110001111 (base 2) to base 6
24023
Convert 13244 (base 10) to base 16.
33bc
16556 (base 8) to base 4
1311232
Convert 12212221 (base 3) to base 4.
1003003
Convert -2860 (base 9) to base 14.
-b04
Convert -14743 (base 8) to base 16.
-19e3
What is 2010022 (base 3) in base 4?
120023
7aa (base 11) to base 7
2551
What is -1ec3 (base 15) in base 8?
-15064
What is -13476 (base 9) in base 2?
-10001110110101
What is 211220 (base 3) in base 6?
2510
289 (base 10) to base 15
144
What is -142 (base 5) in base 15?
-32
313220 (base 6) to base 5
1302411
Convert 36a3 (base 12) to base 16.
181b
What is 2f0 (base 16) in base 5?
11002
Convert 21100 (base 3) to base 9.
240
What is -131333 (base 5) in base 7?
-21133
Convert -2222 (base 6) to base 15.
-248
100011111010011 (base 2) to base 4
10133103
Convert -1042 (base 7) to base 14.
-1c9
Convert 12694 (base 11) to base 3.
220212120
4eb (base 15) to base 2
10001100001
-524 (base 6) to base 14
-100
What is -32e6 (base 16) in base 7?
-52663
Convert 2000002 (base 3) to base 9.
2002
Convert 1991 (base 10) to base 16.
7c7
-3576 (base 8) to base 2
-11101111110
Convert -80455 (base 9) to base 8.
-147176
What is 4332 (base 6) in base 7?
2615
Convert 1084 (base 10) to base 4.
100330
What is -10865 (base 12) in base 14?
-800d
316 (base 15) to base 9
853
What is 64565 (base 7) in base 13?
7412
What is 1100101110 (base 2) in base 9?
1104
Convert -21022102 (base 3) to base 9.
-7272
What is -2121301 (base 4) in base 11?
-7437
What is -5052 (base 6) in base 11?
-921
Convert 8a01 (base 11) to base 10.
11859
Convert -2222 (base 13) to base 14.
-1a40
-8984 (base 13) to base 16
-4b05
Convert 4172 (base 12) to base 10.
7142
Convert 724 (base 10) to base 14.
39a
Convert 1a92 (base 16) to base 2.
1101010010010
5d22 (base 14) to base 8
37652
What is 101111011000 (base 2) in base 15?
d72
What is 441 (base 11) in base 16?
211
What is -57776 (base 8) in base 10?
-24574
What is 2303 (base 5) in base 8?
510
Convert 125d (base 16) to base 4.
1021131
-18018 (base 12) to base 2
-1000011100010100
abc1 (base 13) to base 12
11a6a
-12520 (base 10) to base 9
-18151
Convert -65651 (base 8) to base 9.
-41723
Convert -6263 (base 7) to base 10.
-2201
Convert -22949 (base 10) to base 2.
-101100110100101
Convert 1d6c (base 14) to base 4.
1110030
What is -382 (base 9) in base 3?
-102202
760 (base 11) to base 5
12123
14105 (base 9) to base 7
36611
5167 (base 9) to base 13
1954
What is -9b1 (base 16) in base 7?
-10143
-1b4 (base 13) to base 11
-268
403 (base 8) to base 12
197
-181a (base 14) to base 2
-1000011110000
Convert 8db (base 14) to base 4.
123201
-747 (base 11) to base 12
-62a
-121210 (base 3) to base 4
-13011
What is 17432 (base 12) in base 13?
122ba
-53000 (base 8) to base 11
-155a5
Convert -7021 (base 11) to base 12.
-54a4
Convert 614 (base 13) to base 16.
407
Convert 4280 (base 9) to base 10.
3150
1045 (base 6) to base 8
365
What is 400 (base 16) in base 10?
1024
What is -5948 (base 10) in base 4?
-1130330
-aff (base 16) to base 9
-3767
-2bc0 (base 14) to base 3
-101201100
-54 (base 10) to base 11
-4a
What is -1d32 (base 16) in base 13?
-352c
What is 28a (base 14) in base 6?
2214
-101513 (base 6) to base 9
-12200
a3 (base 14) to base 11
120
What is -9987 (base 13) in base 7?
-116256
-3877 (base 12) to base 4
-1210123
56 (base 12) to base 4
1002
31209 (base 11) to base 10
45505
-42515 (base 6) to base 8
-13257
c90 (base 14) to base 3
10101210
Convert -1b6c0 (base 13) to base 12.
-27236
Convert -239 (base 16) to base 7.
-1442
153531 (base 6) to base 13
6b4a
Convert -55251 (base 8) to base 15.
-6d24
Convert -164 (base 12) to base 8.
-334
-23167 (base 10) to base 13
-a711
What is ebe1 (base 15) in base 13?
19963
11a4 (base 12) to base 8
3714
Convert 1a99 (base 12) to base 7.
12402
-1b9 (base 12) to base 16
-11d
What is 494a (base 15) in base 9?
23347
What is -6230 (base 7) in base 10?
-2177
Convert 2030011 (base 4) to base 13.
4108
What is 468 (base 15) in base 12?
6b2
Convert -56 (base 8) to base 6.
-114
-25a20 (base 12) to base 7
-303240
What is -225120 (base 7) in base 15?
-bd99
What is 72a (base 11) in base 14?
46b
Convert 1101020011 (base 3) to base 12.
13857
What is -23220233 (base 4) in base 9?
-72338
Convert 100254 (base 7) to base 10.
16944
What is 96 (base 10) in base 9?
116
What is -10201221 (base 3) in base 5?
-41400
What is -c39 (base 13) in base 2?
-100000011100
1112 (base 3) to base 9
45
Convert 8927 (base 14) to base 15.
7086
100102 (base 3) to base 13
167
What is da3 (base 16) in base 9?
4708
-31a (base 12) to base 13
-28c
Convert 1013 (base 4) to base 15.
4b
2222020 (base 3) to base 9
2866
What is 2b (base 12) in base 4?
203
Convert -3108 (base 10) to base 12.
-1970
11de6 (base 15) to base 4
31330311
3be (base 16) to base 13
589
Convert -1000111001000100 (base 2) to base 4.
-20321010
1110100111000 (base 2) to base 11
5690
b1b (base 12) to base 5
22412
What is -11223303 (base 4) in base 8?
-55363
What is -601 (base 8) in base 9?
-467
What is -71ed (base 16) in base 3?
-1111000012
-18ea (base 15) to base 6
-40551
What is 10323 (base 11) in base 10?
15029
Convert 114 (base 11) to base 6.
344
Convert -12126 (base 8) to base 